or of 14496 and 326112?
96
Calculate the greatest common divisor of 86487 and 55499.
127
What is the highest common divisor of 192 and 3501440?
64
What is the greatest common divisor of 9970207 and 39?
13
Calculate the highest common divisor of 2020802 and 5964.
994
What is the highest common divisor of 9070276 and 60732?
964
Calculate the greatest common factor of 1249826 and 734086.
482
What is the highest common factor of 10896462 and 1359?
1359
Calculate the highest common factor of 9191 and 369467.
7
Calculate the highest common factor of 62277180 and 6.
6
What is the highest common divisor of 56 and 2298568?
8
What is the highest common divisor of 65227029 and 84?
21
What is the highest common divisor of 113024 and 96896?
128
Calculate the highest common factor of 31085595 and 1225395.
14085
Calculate the greatest common divisor of 609 and 2997585087.
609
Calculate the highest common divisor of 10 and 3988672.
2
What is the greatest common factor of 12250116 and 216?
108
What is the greatest common factor of 490 and 214466?
14
What is the highest common divisor of 888 and 21289224?
24
Calculate the highest common factor of 114125448 and 24.
24
Calculate the greatest common divisor of 44668 and 756236.
52
Calculate the greatest common factor of 11254 and 1751983.
331
What is the highest common factor of 2428 and 549218456?
2428
What is the highest common divisor of 72 and 11712?
24
Calculate the greatest common divisor of 164330 and 5380.
10
Calculate the highest common divisor of 58190023 and 23.
23
Calculate the highest common factor of 5226120 and 217080.
3240
What is the highest common divisor of 124684302 and 185?
37
Calculate the highest common divisor of 23256 and 47277.
153
Calculate the highest common divisor of 27318225 and 825.
825
Calculate the greatest common factor of 8363808 and 6102.
2034
What is the greatest common divisor of 73755114 and 718?
718
Calculate the highest common divisor of 1277167 and 3059.
23
Calculate the greatest common factor of 2080940 and 380.
20
Calculate the highest common divisor of 875 and 99232.
7
Calculate the greatest common divisor of 184 and 58442931.
23
What is the highest common factor of 1143046 and 34?
34
What is the highest common divisor of 9870 and 100086?
42
What is the greatest common divisor of 8338626 and 1971?
27
Calculate the highest common divisor of 171 and 3189302.
19
Calculate the highest common factor of 7165 and 5594432.
1433
What is the highest common factor of 17683175 and 775?
775
Calculate the greatest common factor of 43254 and 157626.
162
What is the greatest common divisor of 61808750 and 2008?
502
Calculate the greatest common factor of 9353955 and 455.
65
Calculate the greatest common divisor of 84758165 and 2335.
2335
What is the highest common factor of 631512 and 1048?
8
Calculate the highest common divisor of 422424 and 540.
36
What is the greatest common factor of 52 and 639104?
4
What is the greatest common divisor of 6990 and 144692301?
699
Calculate the greatest common factor of 127793646 and 177.
177
What is the greatest common factor of 84 and 14751480?
12
What is the greatest common factor of 287112 and 49434?
42
What is the greatest common divisor of 136316910 and 230?
10
Calculate the highest common divisor of 14249263 and 3668.
917
What is the greatest common factor of 3558 and 11850?
6
What is the highest common factor of 7659762 and 9933?
1419
What is the greatest common divisor of 1236 and 42327438?
618
Calculate the highest common divisor of 14898230 and 970.
970
What is the greatest common factor of 105 and 20712300?
105
Calculate the greatest common divisor of 656 and 377144.
8
What is the highest common divisor of 506520 and 24360?
840
What is the highest common factor of 40754 and 10105501?
497
What is the highest common divisor of 4138665 and 1770?
15
Calculate the greatest common factor of 124 and 14436886.
62
Calculate the greatest common factor of 7428 and 6684.
12
Calculate the greatest common factor of 13 and 86233953.
13
Calculate the greatest common factor of 54404790 and 385.
55
Calculate the greatest common divisor of 16407808 and 96.
32
Calculate the greatest common factor of 13768243 and 892.
223
Calculate the highest common divisor of 302926092 and 14.
14
Calculate the greatest common divisor of 510090 and 46989005.
12145
What is the highest common divisor of 27193 and 63402586?
383
Calculate the highest common factor of 386670905 and 764.
191
Calculate the greatest common divisor of 36090 and 5310.
90
What is the greatest common divisor of 21238 and 230174?
574
Calculate the highest common divisor of 3059272 and 61.
61
Calculate the greatest common divisor of 16020 and 11652948.
3204
Calculate the greatest common factor of 16344 and 164431536.
5448
What is the greatest common divisor of 2555325 and 38745?
1845
Calculate the greatest common factor of 4057120 and 740.
20
What is the highest common factor of 59497450 and 225?
25
What is the highest common divisor of 700 and 3797234?
14
Calculate the highest common divisor of 14 and 80979066.
14
Calculate the highest common divisor of 26219328 and 88.
8
Calculate the highest common factor of 7404683 and 212.
53
What is the highest common factor of 15318 and 578384?
74
Calculate the highest common divisor of 205704 and 192.
24
Calculate the greatest common factor of 9200 and 31736.
8
What is the greatest common divisor of 456221 and 2659864?
503
What is the greatest common factor of 472 and 50700116?
236
Calculate the greatest common divisor of 4218 and 880560225.
2109
Calculate the greatest common factor of 38215046 and 31894.
862
Calculate the greatest common divisor of 78 and 14451333.
39
Calculate the greatest common divisor of 21047270 and 15.
5
Calculate the highest common divisor of 1100064 and 10752.
672
What is the highest common factor of 35 and 2330575?
5
What is the greatest common divisor of 48 and 3570342?
6
Calculate the greatest common divisor of 62399 and 379155.
23
Calculate the greatest common factor of 904012 and 125836.
772
Calculate the greatest common divisor of 3579850147 and 6379.
6379
What is the greatest common divisor of 67756317 and 579?
579
Calculate the greatest common divisor of 14342245 and 19.
19
What is the greatest common factor of 61433 and 18331?
23
Calculate the greatest common factor of 1804291 and 19923.
229
Calculate the highest common divisor of 85568 and 1185919.
1337
Calculate the highest common divisor of 18 and 22845663.
9
Calculate the greatest common divisor of 4588 and 133489007.
1147
Calculate the highest common divisor of 603 and 32985373.
67
Calculate the highest common divisor of 2222 and 960234.
22
What is the greatest common divisor of 10 and 4872456?
2
Calculate the greatest common factor of 4314728 and 286.
22
Calculate the greatest common factor of 68112 and 13476716.
1892
Calculate the highest common factor of 3179 and 939779159.
3179
Calculate the highest common factor of 81799546 and 442.
34
Calculate the highest common factor of 289404 and 4023.
9
What is the highest common divisor of 470 and 703496?
94
What is the highest common factor of 175205 and 2881?
67
Calculate the highest common factor of 14407200 and 58.
58
What is the highest common divisor of 1639353 and 16617?
573
What is the highest common factor of 3775156 and 196?
196
Calculate the highest common divisor of 192 and 3264720.
48
What is the greatest common factor of 1507179 and 3?
3
Calculate the greatest common factor of 18729573 and 4104.
57
What is the highest common factor of 592 and 1224478?
74
What is the greatest common divisor of 2722812 and 84?
12
Calculate the highest common factor of 13 and 100870237.
13
Calculate the greatest common divisor of 2132 and 667121988.
2132
Calculate the greatest common factor of 311440 and 32810.
170
Calculate the highest common factor of 4 and 1619308.
4
Calculate the greatest common factor of 3805 and 3754774.
761
Calculate the highest common factor of 97785 and 38264357.
2173
Calculate the greatest common divisor of 10044 and 80919.
81
What is the greatest common divisor of 3634106 and 2233?
203
What is the greatest common divisor of 372762 and 1998?
54
What is the greatest common factor of 1082819 and 55577?
37